60*r**2 - 116*r - 13. Determine h(-58).
-13
Let b(q) = 3198*q + 25572. Calculate b(-8).
-12
Let f(a) = -a**3 - 41*a**2 + 679*a + 14070. What is f(-49)?
7
Let h(j) = 4*j**3 + 167. Calculate h(0).
167
Let p(z) = 4*z**3 - 54*z**2 + 44*z - 234. Calculate p(13).
0
Let x(l) = -64*l - 441. Give x(-7).
7
Let g(f) = -2*f**3 - 67*f**2 - 439*f + 19. Calculate g(-9).
1
Let c(t) = -t**2 - 6*t + 148. Give c(-15).
13
Let y(p) = -13*p - 90. Determine y(-3).
-51
Let q(n) = -n**3 - 4*n**2 + 11*n + 2. What is q(-7)?
72
Let w(a) = 5*a**3 + 148*a**2 - 62*a - 53. Determine w(-30).
7
Let o(f) = -f**2 - 66*f - 243. Determine o(-62).
5
Let f(o) = -o**2 - 6*o + 2117. Calculate f(43).
10
Let k(n) = 890*n + 16900. Determine k(-19).
-10
Let r(l) = -10*l + 675. Give r(71).
-35
Let h(d) = -7*d**2 - 138*d + 5. Determine h(-19).
100
Let h(i) = -i**2 + 456*i - 12388. What is h(29)?
-5
Let k(s) = s**2 + 41*s + 78. Determine k(-34).
-160
Let q(n) = n**3 + 37*n**2 - 115*n + 33. Determine q(-40).
-167
Let b(j) = -67*j - 6085. Determine b(-89).
-122
Let a(n) = -n**3 - 15*n**2 - 32*n - 74. Calculate a(-12).
-122
Let j(o) = -o**3 + 12*o**2 + 2*o. Give j(6).
228
Let b(l) = 2*l + 61. What is b(41)?
143
Let i(m) = 305*m + 9330. Calculate i(-31).
-125
Let x(a) = 94*a + 207. What is x(-4)?
-169
Let i(x) = 1230*x + 3683. Give i(-3).
-7
Let p(g) = g**3 + 8*g**2 + 24*g + 191. Calculate p(-8).
-1
Let g(o) = 2*o**2 + 14*o + 71. Give g(-8).
87
Let w(x) = -x**2 + 71*x + 2751. Determine w(-28).
-21
Let m(n) = -5*n**2 + 3*n - 33. Give m(-3).
-87
Let l(v) = 3*v**2 + 115*v - 202. Give l(-40).
-2
Let q(f) = f**2 - 662*f - 13666. What is q(-20)?
-26
Let m(d) = d**3 - 12*d**2 + 582*d - 10325. Determine m(16).
11
Let a(j) = j**3 - 168*j**2 - 56*j + 37234. Give a(167).
-7
Let i(d) = 11*d + 412. What is i(-36)?
16
Let l(x) = 2*x**3 + 60*x**2 - 2429*x + 480. Give l(-53).
3
Let f(r) = 2*r**2 - 134*r + 1383. What is f(54)?
-21
Let z(v) = 3*v**2 + 168*v + 12. Calculate z(-56).
12
Let y(z) = -84*z - 178. What is y(-1)?
-94
Let q(k) = 21*k + 546. Determine q(-26).
0
Let f(b) = b**3 + 9*b**2 + 19*b + 11. Determine f(-9).
-160
Let l(x) = x**2 + 961*x + 19758. Calculate l(-21).
18
Let v(p) = -140*p - 15693. What is v(-111)?
-153
Let g(d) = -36*d**3 - 17*d**2 + 17*d. Give g(1).
-36
Let q(u) = -13*u**3 + 4*u**2 - 4*u + 2. Calculate q(2).
-94
Let z(b) = -36*b + 334. Determine z(10).
-26
Let c(a) = -3*a**3 - 16*a**2 + 41*a - 16. Calculate c(3).
-118
Let m(r) = -r**3 - 10*r**2 - 3*r - 4. Determine m(-10).
26
Let i(j) = 432*j - 756. Calculate i(2).
108
Let w(c) = 275*c - 2467. What is w(9)?
8
Let q(v) = 387*v - 3479. Calculate q(9).
4
Let h(t) = 49*t - 558. Determine h(12).
30
Let q(l) = -63*l**3 - 5*l**2 - 11*l + 18. Calculate q(1).
-61
Let z(k) = k**2 - 21*k + 185. Give z(14).
87
Let i(u) = 52*u**2 + 742*u + 11. Determine i(-14).
-185
Let p(d) = -d**3 - 17*d**2 - 22*d + 279. Give p(-14).
-1
Let p(c) = -c**3 + 9*c**2 - 10*c + 42. Determine p(0).
42
Let u(d) = -d**2 - 37*d + 1414. Determine u(-61).
-50
Let b(p) = -p**2 + 23*p - 102. What is b(12)?
30
Let o(c) = -15*c**2 - 186*c - 3. Calculate o(-12).
69
Let v(u) = -5*u - 56. Determine v(-20).
44
Let a(d) = 18*d + 7. Give a(-1).
-11
Let k(g) = -52*g + 730. Calculate k(14).
2
Let d(r) = -3*r**2 - 74*r - 203. Give d(-3).
-8
Let q(k) = k**2 + 120*k + 477. What is q(-4)?
13
Let x(k) = 22*k**2 + 514*k - 323. Determine x(-24).
13
Let z(q) = 2*q**3 + 158*q**2 - 3*q - 257. Determine z(-79).
-20
Let a(x) = 3*x**2 - 110*x + 16. Determine a(36).
-56
Let c(o) = -579*o - 6886. Give c(-12).
62
Let t(g) = -3*g**2 - 86*g + 316. Give t(-33).
-113
Let v(j) = 2*j**2 - 202*j + 604. What is v(3)?
16
Let z(y) = -2*y**3 - 15*y**2 - 18*y - 17. What is z(-7)?
60
Let j(n) = -31*n - 359. Determine j(-12).
13
Let c(z) = 4*z**2 - 201*z + 39. Give c(50).
-11
Let f(z) = -z**2 - 31*z + 47. What is f(0)?
47
Let d(f) = 2*f**2 + 21*f + 69. Give d(-3).
24
Let c(d) = -2*d**3 - 52*d**2 - 322*d + 18. Give c(-17).
290
Let k(m) = 5*m**2 - 94*m + 246. What is k(14)?
-90
Let g(f) = -f**2 - 206*f - 809. Determine g(-4).
-1
Let z(t) = -8*t**3 - 9*t**2 + 2. What is z(-1)?
1
Let r(k) = 5*k**2 + 208*k - 271. Determine r(-43).
30
Let m(c) = c**3 - 178*c**2 + 3696*c - 4. Give m(24).
-4
Let p(m) = 6*m + 59. Give p(17).
161
Let h(k) = -k**3 + 20*k**2 + 45*k - 43. Give h(22).
-21
Let a(r) = 32*r**2 - 48*r - 20. Calculate a(5).
540
Let j(f) = -128*f - 1184. Calculate j(-11).
224
Let c(u) = u**3 - 23*u**2 - u + 67. Determine c(7).
-724
Let o(g) = -g**3 + 2*g**2 - 3*g + 13. Give o(0).
13
Let m(u) = 654*u - 2028. Determine m(3).
-66
Let x(p) = 362*p + 7622. What is x(-21)?
20
Let o(f) = -2*f**3 - 3*f**2 - 20*f - 44. Give o(-2).
0
Let h(l) = -142*l + 13914. Give h(98).
-2
Let s(i) = -521*i - 1488. Determine s(-3).
75
Let c(g) = -40*g + 351. Calculate c(8).
31
Let z(c) = -c**2 + 63*c + 509. Calculate z(-14).
-569
Let r(h) = -818*h - 33552. Give r(-41).
-14
Let d(l) = -182*l + 6375. What is d(35)?
5
Let q(w) = -2*w**2 + 42*w - 37. Give q(19).
39
Let w(t) = 23*t**2 + 622*t + 198. What is w(-27)?
171
Let i(p) = -p**3 - 66*p**2 + 669*p - 451. Determine i(-75).
-1
Let b(a) = 64*a - 449. Calculate b(6).
-65
Let v(f) = f**3 + 29*f**2 + 4*f - 573. What is v(-5)?
7
Let j(i) = i**3 + 23*i**2 + 51*i - 101. Calculate j(-20).
79
Let j(f) = 15*f - 163. What is j(12)?
17
Let g(u) = 2*u**3 - 209*u**2 + 117*u - 1354. Give g(104).
-2
Let i(c) = 16*c + 283. What is i(-29)?
-181
Let c(b) = 32*b**2 - 32*b - 20. What is c(3)?
172
Let m(y) = -4*y**3 - y**2 + 44*y + 3. Calculate m(6).
-633
Let v(a) = -571*a + 4014. Calculate v(7).
17
Let j(l) = 1493*l + 2980. Calculate j(-2).
-6
Let s(b) = 73*b + 2396. Give s(-33).
-13
Let y(t) = 2*t**2 - 2076*t - 2. Calculate y(0).
-2
Let x(z) = -z**2 - z + 65. Give x(-9).
-7
Let o(k) = 4192*k + 8313. Calculate o(-2).
-71
Let g(x) = -3*x - 36. Calculate g(-9).
-9
Let z(i) = 3*i**2 - 350*i + 1977. Determine z(6).
-15
Let t(q) = -15*q - 173. What is t(-10)?
-23
Let v(f) = 237*f - 3320. Determine v(14).
-2
Let r(d) = -d**3 - 55*d**2 - 519*d - 156. Determine r(-43).
-27
Let s(n) = -85*n + 2360. Give s(34).
-530
Let g(v) = -219*v + 1555. Determine g(7).
22
Let d(g) = 86*g + 594. Calculate d(-7).
-8
Let u(j) = 47*j**2 - 283*j - 4. Calculate u(6).
-10
Let l(t) = 4*t**2 - 115*t - 1168. Calculate l(-8).
8
Let t(b) = -225*b - 5396. Determine t(-24).
4
Let o(j) = -2*j**2 + 100*j - 532. What is o(44)?
-4
Let a(s) = -8*s + 338. Give a(33).
74
Let k(f) = f**3 + 18*f**2 + 47*f - 62. What is k(-15)?
-92
Let k(t) = -4*t**2 + 62*t - 128. Give k(15).
-98
Let r(q) = 3*q**2 - 140*q - 25. Give r(45).
-250
Let j(o) = 2*o**2 - 345*o + 14023. What is j(107)?
6
Let p(h) = 141*h**2 + h - 3. Calculate p(1).
139
Let v(m) = 86*m**2 - 40*m + 76. What is v(2)?
340
Let c(q) = -8*q + 589. Give c(74).
-3
Let o(u) = 14*u**2 - 1652*u + 6. What is o(118)?
6
Let r(k) = -k**2 + 41*k - 151. Determine r(4).
-3
Let x(g) = -13*g - 323. Calculate x(-15).
-128
Let u(w) = 7*w**3 + 2*w**2 + 53*w - 100. Give u(2).
70
Let w(u) = u**2 - 17*u - 616. Calculate w(28).
-308
Let i(r) = -r**2 + 30*r - 115. Calculate i(24).
29
Let s(x) = -12*x + 733. Determine s(61).
1
Let h(v) = -2*v**3 + 7*v**2 - 3*v - 17. What is h(4)?
-45
Let b(i) = 107*i - 4606. Determine b(43).
-5
Let y(x) = x**3 - 4*x**2 - 26*x - 7. Determine y(8).
41
Let n(o) = -174*o + 5038. What is n(29)?
-8
Let g(i) = 392*i - 3112. Give g(8).
24
Let i(b) = b**3 + 83*b**2 + 321*b + 399. Calculate i(-79).
4
Let t(n) = -5*n**2 + 78*n + 273. Determine t(-3).
-6
Let t(j) = 3*j**2 + 122*j - 908. Determine t(7).
93
Let f(w) = -5*w**3 - w**2 + 105*w - 105. Determine f(1).
-6
Let h(n) = 102*n + 1314. What is h(-13)?
-12
Let n(r) = 148*r + 2057. Determine n(-14).
-15
Let h(u) = -u**3 + 185*u**2 + 170*u + 2972. Calculate h(186).
-4
Let u(v) = v - 154. Determine u(-17).
-171
Let r(m) = -139*m - 972. What is r(-7)?
1
Let l(q) = -49*q - 4161. Determine l(-85).
4
Let s(g) = 27*g - 656. What is s(24)?
-8
Let k(a) = -2*a**2 - 6*a + 34. Determine k(3).
-2
Let y(t) = 540*t + 4817. Calculate y(-9).
-43
Let p(y) = 5*y**2 - 27*y - 245. Determine p(-10).
525
Let o(g) = -g**3 + 38*g**2 + 40*g - 5. Calculate o(39).
34
Let u(h) = 38*h**2 + 262*h - 8. Give u(-7).
20
Let h(o) = 8*o**2 + 23*o - 53. Give h(-10).
517
Let i(c) = 3*c**3 - 10